actors of 264015.
3, 5, 5867
List the prime factors of 17590581.
3, 651503
What are the prime factors of 3417551?
3417551
List the prime factors of 1134481.
1134481
What are the prime factors of 649490?
2, 5, 107, 607
What are the prime factors of 6822382?
2, 7, 487313
List the prime factors of 3340374.
2, 3, 31, 17959
List the prime factors of 593193.
3, 23, 8597
List the prime factors of 1242215.
5, 13, 29, 659
List the prime factors of 12960933.
3, 4320311
List the prime factors of 16439740.
2, 5, 193, 4259
What are the prime factors of 3135927?
3, 1045309
List the prime factors of 2982400.
2, 5, 233
List the prime factors of 656836.
2, 164209
List the prime factors of 28011355.
5, 23, 243577
List the prime factors of 1811510.
2, 5, 107, 1693
What are the prime factors of 1921934?
2, 7, 107, 1283
List the prime factors of 2935817.
2935817
What are the prime factors of 4841299?
773, 6263
List the prime factors of 11015285.
5, 2203057
List the prime factors of 52423.
7, 7489
List the prime factors of 75022.
2, 37511
List the prime factors of 252648.
2, 3, 11, 29
List the prime factors of 596761.
11, 54251
List the prime factors of 1879979.
17, 110587
List the prime factors of 4551409.
1013, 4493
What are the prime factors of 480912?
2, 3, 43, 233
What are the prime factors of 857604?
2, 3, 11, 73, 89
List the prime factors of 508706.
2, 11, 19, 1217
List the prime factors of 35775639.
3, 409, 9719
List the prime factors of 4164994.
2, 2082497
List the prime factors of 1393412.
2, 348353
List the prime factors of 4405561.
1499, 2939
List the prime factors of 8085259.
7, 13, 23, 3863
List the prime factors of 465965.
5, 41, 2273
List the prime factors of 387888.
2, 3, 8081
List the prime factors of 4293957.
3, 233, 6143
What are the prime factors of 3423518?
2, 7, 97, 2521
List the prime factors of 633439.
719, 881
What are the prime factors of 566006?
2, 7, 40429
What are the prime factors of 12483689?
37, 337397
What are the prime factors of 73397?
19, 3863
List the prime factors of 3257078.
2, 11, 43, 313
What are the prime factors of 476993?
11, 103, 421
What are the prime factors of 8392042?
2, 59, 71119
What are the prime factors of 318722?
2, 159361
What are the prime factors of 11218?
2, 71, 79
List the prime factors of 712568.
2, 89071
List the prime factors of 306355.
5, 7, 8753
What are the prime factors of 79605?
3, 5, 29, 61
List the prime factors of 13937.
7, 11, 181
List the prime factors of 2070032.
2, 67, 1931
What are the prime factors of 11574443?
59, 196177
List the prime factors of 1171350.
2, 3, 5, 19, 137
What are the prime factors of 515875?
5, 4127
What are the prime factors of 3828939?
3, 1276313
What are the prime factors of 4980889?
4980889
What are the prime factors of 5971380?
2, 3, 5, 99523
List the prime factors of 581299.
73, 7963
List the prime factors of 351345.
3, 5, 59, 397
What are the prime factors of 167651?
11, 15241
What are the prime factors of 25421283?
3, 157, 1999
List the prime factors of 297389.
83, 3583
What are the prime factors of 131359?
17, 7727
What are the prime factors of 281616?
2, 3, 5867
List the prime factors of 3321939.
3, 127, 8719
List the prime factors of 10041722.
2, 5020861
List the prime factors of 24424429.
1291, 18919
What are the prime factors of 374200?
2, 5, 1871
List the prime factors of 2971252.
2, 223, 3331
List the prime factors of 4041817.
13, 29, 71, 151
What are the prime factors of 8401610?
2, 5, 7, 19, 6317
What are the prime factors of 417571?
7, 11, 17, 29
List the prime factors of 309407.
7, 44201
List the prime factors of 945204.
2, 3, 13, 73, 83
List the prime factors of 8297523.
3, 13, 70919
What are the prime factors of 1864912?
2, 7, 16651
What are the prime factors of 14040680?
2, 5, 173, 2029
What are the prime factors of 3402860?
2, 5, 29, 5867
List the prime factors of 43531.
101, 431
List the prime factors of 391767.
3, 130589
What are the prime factors of 757413?
3, 23, 3659
What are the prime factors of 104404?
2, 43, 607
List the prime factors of 1140425.
5, 11, 13, 29
List the prime factors of 1078199.
1078199
List the prime factors of 561394.
2, 280697
What are the prime factors of 271?
271
What are the prime factors of 50527?
50527
List the prime factors of 14483638.
2, 13, 73, 587
What are the prime factors of 36742?
2, 18371
What are the prime factors of 7861103?
89, 88327
List the prime factors of 9034799.
83, 199, 547
List the prime factors of 285937.
285937
What are the prime factors of 2292686?
2, 11, 23, 197
What are the prime factors of 6337376?
2, 198043
What are the prime factors of 11771638?
2, 557, 10567
List the prime factors of 570510.
2, 3, 5, 2113
List the prime factors of 2195469.
3, 19, 37, 347
What are the prime factors of 3359652?
2, 3, 149, 1879
What are the prime factors of 810440?
2, 5, 20261
List the prime factors of 320991.
3, 11, 71, 137
List the prime factors of 10402757.
61, 170537
What are the prime factors of 21927?
3, 7309
What are the prime factors of 3508717?
3508717
List the prime factors of 508486.
2, 11, 29, 797
List the prime factors of 28451425.
5, 1138057
List the prime factors of 1394839.
229, 6091
What are the prime factors of 272171?
272171
What are the prime factors of 1347066?
2, 3, 7, 10691
What are the prime factors of 49142?
2, 24571
List the prime factors of 2328409.
2328409
List the prime factors of 12262526.
2, 41, 149543
List the prime factors of 2335356.
2, 3, 64871
What are the prime factors of 9824853?
3, 257, 12743
What are the prime factors of 7824375?
3, 5, 13, 107
What are the prime factors of 179?
179
List the prime factors of 1626890.
2, 5, 37, 4397
List the prime factors of 281041.
463, 607
What are the prime factors of 4940924?
2, 89, 13879
What are the prime factors of 1556105?
5, 139, 2239
List the prime factors of 8735493.
3, 13, 43, 5209
List the prime factors of 2547361.
2547361
List the prime factors of 182649.
3, 107, 569
List the prime factors of 474353.
11, 29, 1487
List the prime factors of 3969820.
2, 5, 198491
What are the prime factors of 5443165?
5, 7, 13, 1709
List the prime factors of 876496.
2, 29, 1889
What are the prime factors of 328260?
2, 3, 5, 5471
List the prime factors of 283180.
2, 5, 14159
What are the prime factors of 1400559?
3, 466853
List the prime factors of 268505.
5, 83, 647
List the prime factors of 2189409.
3, 271, 2693
List the prime factors of 1250456.
2, 156307
List the prime factors of 575098.
2, 287549
List the prime factors of 1035720.
2, 3, 5, 7, 137
What are the prime factors of 215621?
7, 30803
What are the prime factors of 283765?
5, 19, 29, 103
What are the prime factors of 559136?
2, 101, 173
What are the prime factors of 1185960?
2, 3, 5, 9883
What are the prime factors of 1090510?
2, 5, 167, 653
List the prime factors of 2858005.
5, 571601
What are the prime factors of 6285597?
3, 17, 37, 3331
List the prime factors of 1532792.
2, 191599
What are the prime factors of 581112?
2, 3, 7, 1153
What are the prime factors of 99088?
2, 11, 563
What are the prime factors of 1043653?
13, 43, 1867
List the prime factors of 315271.
11, 28661
List the prime factors of 7370664.
2, 3, 7, 73, 601
What are the prime factors of 307028?
2, 76757
What are the prime factors of 3834?
2, 3, 71
What are the prime factors of 1123342?
2, 11, 51061
What are the prime factors of 163394?
2, 7, 11, 1061
List the prime factors of 4436888.
2, 554611
List the prime factors of 5629623.
3, 1876541
What are the prime factors of 11729466?
2, 3, 7, 127, 733
List the prime factors of 9840755.
5, 233, 8447
What are the prime factors of 5903439?
3, 1967813
List the prime factors of 147818.
2, 11, 6719
List the prime factors of 318254.
2, 227, 701
What are the prime factors of 175181?
31, 5651
What are the prime factors of 2995477?
2995477
What are the prime factors of 1052918?
2, 526459
List the prime factors of 186856.
2, 23357
What are the prime factors of 11646078?
2, 3, 1941013
What are the prime factors of 691726?
2, 7, 49409
List the prime factors of 14182126.
2, 7, 1013009
What are the prime factors of 25459138?
2, 881, 14449
List the prime factors of 9319280.
2, 5, 116491
What are the prime factors of 160777?
43, 3739
What are the prime factors of 9585742?
2, 4792